 prime factors of k.
2, 3, 47
Suppose 2*v - 14385 = -5*w, 0 = v + 10*w - 8*w - 7191. List the prime factors of v.
3, 5, 479
Let g = -26 - -28. Let n(i) = i**3 + i**2 - 2*i + 1. Let u be n(g). Suppose -3*z = -u - 9. List the prime factors of z.
2, 3
Let p be (-4064)/20 - 3/(105/28). Let k = 291 - p. What are the prime factors of k?
3, 5, 11
Suppose 2036*d + 11783210 = 2206*d. List the prime factors of d.
69313
Suppose -3*l + 2*l = -3. Suppose -7*f = -l*f - 28. Suppose 1041 = f*b + 320. List the prime factors of b.
103
Suppose -2*q - 2*c = -206, 0*c - c - 515 = -5*q. Let d = q + -9. What are the prime factors of d?
2, 47
Let g(v) = -24*v**3 - 37*v**2 + 37*v - 11. List the prime factors of g(-7).
11, 13, 43
Let y = -2622 - -4129. List the prime factors of y.
11, 137
Let m(a) = -5532*a - 450. List the prime factors of m(-15).
2, 3, 5, 7, 131
Let n = -6835 - -18665. List the prime factors of n.
2, 5, 7, 13
Suppose -1536*i - 3382160 = -1616*i. What are the prime factors of i?
67, 631
Suppose -390470 - 146556 = -7*z. What are the prime factors of z?
2, 89, 431
Let p = -7231 - -12769. List the prime factors of p.
2, 3, 13, 71
Let j(g) = -2*g**2 + 8*g - 7. Let m be j(6). Let q(u) = -50*u - 496. Let l be q(-11). Let a = m + l. What are the prime factors of a?
23
Suppose -6*p + 3114 = -0*p. Let u = 1555 - p. Suppose 5*x + z = u, x - z - 2 = 210. List the prime factors of x.
2, 13
Let h be 4/(-12) + 11676/9. Suppose -x + 778 = 2*x - 2*z, -5*x + 3*z = -h. What are the prime factors of x?
2, 5, 13
Let h(a) = -a**3 + 10*a**2 + 20*a - 28. Let g be h(10). Let f = 299 - 200. Let c = g - f. What are the prime factors of c?
73
What are the prime factors of 68/153 - ((-482348)/36 - 2)?
3, 1489
Let d be (-5)/(((-2)/(-4))/((-876)/(-8))). Let p = d - -1632. What are the prime factors of p?
3, 179
What are the prime factors of 13058*(6 - 4)*(3/1 - 1)?
2, 6529
Let c(m) = -3*m**2 + 7*m + 8. Let v be c(-1). Let p(k) = -129*k + 34. List the prime factors of p(v).
2, 73
Let o be (26/(-4))/((-5)/(-30)). Let m = -49 + o. Let b = m + 162. List the prime factors of b.
2, 37
Let l(h) = h**3 + 84*h**2 + 221*h - 313. List the prime factors of l(-65).
7, 9371
Let x = -2658 + 37443. List the prime factors of x.
3, 5, 773
Let s = -260 + 1359. Suppose 8*u = 821 + s. What are the prime factors of u?
2, 3, 5
Let n(h) = -31*h - 213. Let s(k) = k - 1. Let p(d) = -n(d) + 4*s(d). What are the prime factors of p(33)?
2, 11, 31
Let s be 5151/12 + (-1)/4 + 1. Suppose -5*j + s = -0*j. List the prime factors of -6*2/(-4) + j.
89
Suppose -113 = -2*g - 3*o - 127, 0 = 4*g - o + 28. Let w(y) = 4*y**2 + y - 4 + 1 + 3*y. List the prime factors of w(g).
3, 5, 11
Let c(z) be the third derivative of 7*z**5/10 - 3*z**4/8 - 25*z**3/3 - 43*z**2. What are the prime factors of c(-5)?
5, 11, 19
Suppose -5*b - 5*n + 75 = 0, -5*n = -0*n - 25. Let c be 5948/8 - 5/b. Suppose 12*j - 1069 = c. List the prime factors of j.
151
List the prime factors of 30885/284*2100/9.
5, 7, 29
Let y be ((-39)/(-9))/((-1)/30). Let x = y - -710. What are the prime factors of x?
2, 5, 29
Suppose h = -2*h - 27. Let p be (-7 + 3 + -2)*1. What are the prime factors of (1 - 578/(-4))*p/h?
97
Suppose -84964 = -4*j - 4*v, 30*v = -j + 34*v + 21221. List the prime factors of j.
3, 7079
List the prime factors of ((-30)/9)/(6 - 15320/2553).
5, 23, 37
Suppose 2*k + 131 = 5. What are the prime factors of 399 - (2/(-9) - 77/k)?
2, 199
Let r be 255/(-34)*4/(-3). Suppose 2*k = r*k - 1760. What are the prime factors of k?
2, 5, 11
Suppose 958392 = 171*l + 216423. List the prime factors of l.
4339
Let p(l) = 7*l**2 - 6*l + 37505. What are the prime factors of p(0)?
5, 13, 577
Suppose 4*h + 16 = s, 3*s - 59 = -0*s + h. Let z(u) = -2*u**2 + 50*u - 36. List the prime factors of z(s).
2, 41
Let p(g) = -9*g + 47. Let s be p(5). What are the prime factors of (-4)/5 - (-24353)/70*s?
5, 139
Let o(n) = -11*n - 5. Let r be o(-3). Suppose r*t = 24*t + 20. Suppose -t*h + 160 = -5*u, 0 = 3*h + u - 88 - 16. List the prime factors of h.
2, 17
Let i(s) = 47 + s - 1 + 9. Let b = 10869 - 10880. List the prime factors of i(b).
2, 11
Suppose -2364*h + 2354*h + 58910 = 0. List the prime factors of h.
43, 137
Let s = 119 - 116. Suppose 5*w + i - 195 = 0, s*w = 4*i + 51 + 66. What are the prime factors of -4 - 2370/(-26) - 6/w?
3, 29
Suppose -5 - 20 = -5*y. Suppose 3*j + 4*u + 39 = u, 0 = y*j + 2*u + 71. What are the prime factors of ((-1610)/j + -4)*(-12)/(-10)?
2, 31
Let l = 16 - 28. Let y be 55/(-6) - l/72. List the prime factors of (y + 7)*(129/(-6) + 0).
43
Suppose f + 2 = -f, 3*f + 315 = 3*u. Let n be 6/(-21) + 5973/7. Suppose 7*i = n - u. List the prime factors of i.
107
Let i be ((-7376)/4)/1*2/4. Let s = 409 - i. Suppose b = -10*b + s. List the prime factors of b.
11
What are the prime factors of (95/(-2))/((-12*11/(-12408))/(-1))?
5, 19, 47
Suppose 24809 = 9*l - 18112. List the prime factors of l.
19, 251
Suppose -306 = 17*o + 34. Let z(m) = -33*m - 102. What are the prime factors of z(o)?
2, 3, 31
Let p(r) = -r**3 + 11*r**2 - 12*r + 12. Let n be p(4). Suppose n = 2*u - 540. What are the prime factors of u?
2, 7, 11
Let p(u) = -4*u**2 + 8. Let j be p(-2). Let z(n) = -14 - n**2 - 11*n + 4 + 0*n. List the prime factors of z(j).
2, 7
Let f = 45269 + -15600. List the prime factors of f.
29669
Suppose 2*t = 2*i - 708, i + 4*t = -38 + 402. Let g = i + -139. Let u = -79 + g. List the prime factors of u.
2, 3, 23
Let k = -5306 + 9880. What are the prime factors of k?
2, 2287
Suppose 79*o - 855470 = 24*o. What are the prime factors of o?
2, 7, 11, 101
Suppose -h = 0, i - 3*h = -2*i + 11616. List the prime factors of i/40*(-40)/(-16).
2, 11
Suppose 4*q - 18 = -3*v + 56, -3*v = 2*q - 34. Suppose -q*y + 1592 + 4668 = 0. List the prime factors of y.
313
Suppose 29166 + 77472 = 6*z. List the prime factors of z.
7, 2539
Let i = -19274 + 28204. What are the prime factors of i?
2, 5, 19, 47
Suppose -511564 = -108*p + 2264252. What are the prime factors of p?
2, 71, 181
Let a(b) = 10550*b + 669. List the prime factors of a(4).
163, 263
Let f(b) = -b**3 + 6*b**2 - 9*b + 4. Let h be f(4). Suppose -3*l + 9 = h, -2*k + 18 = -7*k + l. What are the prime factors of (k + -35)*-2*1/1?
2, 19
Suppose 18*d = 5*d + 5187. Let u = d + -270. Let r = u - -98. List the prime factors of r.
227
Let c = 1 - 7. Let t(r) = 182*r**2 - 182*r**2 - r**3 + 31 + 15*r - 17. List the prime factors of t(c).
2, 5, 7
Let d(m) = -m**3 + 10*m**2 - 1. Let b be d(4). Suppose 0 = -u - 10*u + 2904. Let v = u - b. What are the prime factors of v?
13
List the prime factors of 31014/36*(-8 + 20).
2, 3, 1723
Let j(t) = -t + 31. Suppose -2*l + o = -72 + 12, 5*l + 3*o = 128. List the prime factors of j(l).
3
Suppose -9*k + 12649 = -35456. List the prime factors of k.
5, 1069
What are the prime factors of ((-3015)/(-25))/(7/490)?
2, 3, 7, 67
Suppose 28*i - 33*i + 280 = 0. Let h = i + -44. List the prime factors of (220/6)/((-56)/h - -5).
2, 5, 11
Let f be (-2 - -3)*-3 + 19. Let o = f - 18. List the prime factors of (14/7)/(o/(-4)).
2
Let y(v) = -432*v - 93. List the prime factors of y(-5).
3, 13, 53
Let j = 30605 + -13184. List the prime factors of j.
3, 5807
What are the prime factors of ((-6396)/(-21))/(10904/(-728) - -15)?
2, 13, 41
Suppose -184423 = 38*z - 4*z - 755487. What are the prime factors of z?
2, 13, 17, 19
Suppose -a - 5*z - 146 = -0*z, 2*a + 4*z + 298 = 0. List the prime factors of (a/3)/((-43)/645) - 1.
2, 13, 29
Suppose -11428956 = -319*q - 115*q. List the prime factors of q.
2, 3, 7, 11, 19
Suppose 3*v - 53616 = -3*x + 22776, 101857 = 4*v + 5*x. What are the prime factors of v?
25463
Let z(r) = -6*r**3 + 37*r**2 + 3. Let d be z(6). Let g = d + -27. Suppose -g*y + 13*y - 154 = 0. List the prime factors of y.
2, 7, 11
Let f(y) = -128*y - 90 + 41*y - 82. What are the prime factors of f(-15)?
11, 103
Let d(n) = 30*n**3 + 2*n**2 + n - 15. What are the prime factors of d(5)?
2, 5, 379
Let n be (-6*(-4)/48)/(2/20). Suppose -4*q = -5*i - q - 108, -n*i - q - 124 = 0. List the prime factors of (-2)/8 + 2*(-1011)/i.
2, 3, 7
Let t(w) = w - 1. Let c be t(5). Let g be (2 + 0)*(0 + 2 - c). Let s(r) = 2*r**3 + 9*r**2 + r - 2. What are the prime factors of s(g)?
2, 5
What are the prime factors of 5802 - ((-8)/(-7) + 120